number?
True
Is 2895877 composite?
True
Is 3186089 a prime number?
False
Is 627311 a prime number?
False
Is 4842287 composite?
False
Is 2745203 prime?
False
Is 4970131 a prime number?
True
Is 1515089 a composite number?
False
Is 15207697 a prime number?
False
Is 22743091 a prime number?
False
Is 1331851 a prime number?
True
Is 9861913 a prime number?
True
Is 2073787 a composite number?
False
Is 3611333 a prime number?
False
Is 2240891 composite?
False
Is 265511177 a prime number?
True
Is 2298833 a composite number?
False
Is 179155 composite?
True
Is 15247769 composite?
True
Is 593031 composite?
True
Is 3247511 a prime number?
True
Is 29211005 composite?
True
Is 1120358 composite?
True
Is 52968983 composite?
False
Is 12229843 prime?
True
Is 20818859 a prime number?
True
Is 138642727 prime?
True
Is 1382273 a prime number?
False
Is 47280021 prime?
False
Is 4652807 a prime number?
True
Is 47716463 a prime number?
True
Is 3784114 prime?
False
Is 386321 composite?
True
Is 9791013 a composite number?
True
Is 12711871 composite?
False
Is 124115237 composite?
True
Is 5626589 composite?
False
Is 5329229 a prime number?
True
Is 7693849 prime?
False
Is 132763157 a prime number?
False
Is 29931613 composite?
False
Is 9917597 composite?
False
Is 164309089 prime?
False
Is 439303 a composite number?
False
Is 24605149 composite?
True
Is 134479145 a prime number?
False
Is 420256183 composite?
False
Is 176739271 a composite number?
True
Is 9694759 a composite number?
False
Is 232638443 prime?
True
Is 12674261 prime?
False
Is 37277347 a composite number?
False
Is 25849093 prime?
False
Is 1724593 a composite number?
True
Is 10820087 prime?
False
Is 1497019 a composite number?
False
Is 27521839 prime?
False
Is 8655233 prime?
False
Is 102329015 prime?
False
Is 11147443 prime?
False
Is 765205027 prime?
True
Is 1170971 a composite number?
False
Is 1669049 composite?
False
Is 22983853 a composite number?
False
Is 29971933 composite?
True
Is 1564363 prime?
True
Is 3093581 a prime number?
True
Is 77348429 a prime number?
False
Is 3675709613 composite?
False
Is 1040257 a composite number?
True
Is 47581 a prime number?
True
Is 4548403 a composite number?
False
Is 1107857 prime?
False
Is 1248283 a composite number?
True
Is 736181 prime?
True
Is 3068089 a composite number?
False
Is 20288053 prime?
True
Is 283575263 composite?
True
Is 4230683 prime?
True
Is 13407469 prime?
False
Is 19152563 composite?
False
Is 74683031 a prime number?
True
Is 603716129 prime?
True
Is 7823969 a composite number?
False
Is 40767605 a composite number?
True
Is 257531423 a composite number?
True
Is 12222257 a prime number?
True
Is 8756939 a composite number?
False
Is 73445363 a composite number?
False
Is 62693537 a composite number?
False
Is 380770733 composite?
True
Is 243367 a prime number?
True
Is 760547 composite?
True
Is 259532365 composite?
True
Is 9299141 composite?
False
Is 909851 composite?
True
Is 5823463 a composite number?
False
Is 3299761 a composite number?
False
Is 765251 prime?
True
Is 1196333 a prime number?
False
Is 3157657 a prime number?
True
Is 215579017 prime?
True
Is 354978059 composite?
False
Is 300877 a prime number?
True
Is 589302947 a composite number?
False
Is 151359571 prime?
False
Is 2657877 a composite number?
True
Is 2417957 prime?
False
Is 45184427 a composite number?
False
Is 554922266 a prime number?
False
Is 36809 a prime number?
True
Is 7998223 prime?
True
Is 6930361 a prime number?
False
Is 16311314 a prime number?
False
Is 519044753 prime?
True
Is 54471959 a prime number?
False
Is 3455999 composite?
False
Is 183314701 a composite number?
False
Is 979045 prime?
False
Is 32642411 a composite number?
True
Is 9198557 prime?
True
Is 27264659 a prime number?
True
Is 9214501 prime?
True
Is 44410967 a composite number?
False
Is 802391 a composite number?
True
Is 63083339 a prime number?
False
Is 126255557 a prime number?
True
Is 450391 a prime number?
True
Is 4376941 prime?
False
Is 552481 a composite number?
False
Is 1269001 a composite number?
False
Is 17889337 a prime number?
True
Is 26046753 prime?
False
Is 1734279 a composite number?
True
Is 23866347 a prime number?
False
Is 64501 a composite number?
True
Is 94379 composite?
False
Is 5771335 a prime number?
False
Is 11082451 a composite number?
False
Is 463090423 prime?
True
Is 1129805 prime?
False
Is 39318497 a prime number?
False
Is 460847 prime?
False
Is 224130301 a prime number?
True
Is 44936207 composite?
False
Is 18969749 composite?
True
Is 14463347 a composite number?
True
Is 1214503 a composite number?
True
Is 630701 composite?
False
Is 2896241 prime?
True
Is 14028679 a composite number?
True
Is 41043997 a prime number?
True
Is 14495467 prime?
False
Is 1001911 composite?
False
Is 4424873 prime?
True
Is 14428433 a prime number?
False
Is 45389563 composite?
False
Is 198634 prime?
False
Is 41967141 a composite number?
True
Is 10329811 prime?
True
Is 120251 prime?
False
Is 61629511 a prime number?
True
Is 987598681 composite?
False
Is 1226959 a prime number?
True
Is 765409 a composite number?
False
Is 1189961 prime?
False
Is 302536459 prime?
True
Is 16685639 composite?
True
Is 15109637 composite?
True
Is 27587779 composite?
False
Is 86381 a prime number?
True
Is 12087547 prime?
True
Is 16235743 prime?
True
Is 40412209 prime?
True
Is 59191 a prime number?
False
Is 363334 composite?
True
Is 5528387 prime?
True
Is 788077 composite?
False
Is 154834103 a prime number?
False
Is 1695959 a composite number?
True
Is 744791 a composite number?
False
Is 47390177 a prime number?
False
Is 2429489 prime?
True
Is 3091057 prime?
True
Is 4752719 composite?
True
Is 91733 a composite number?
False
Is 14634211 a prime number?
True
Is 10871149 composite?
False
Is 11202251 a prime number?
True
Is 924639 a composite number?
True
Is 25776941 a composite number?
False
Is 13270223 a prime number?
False
Is 74702759 a prime number?
True
Is 2441029 a composite number?
False
Is 25942622 a prime number?
False
Is 3484769 a prime number?
False
Is 27867263 composite?
False
Is 56180173 a composite number?
True
Is 372448361 prime?
False
Is 19508911 a prime number?
False
Is 67665179 prime?
False
Is 47741143 a prime number?
False
Is 88742443 a prime number?
False
Is 35174603 a prime number?
False
Is 144666559 a prime number?
False
Is 5002979 a composite number?
False
Is 169635331 prime?
True
Is 107390707 a composite number?
True
Is 4028491 a composite number?
False
Is 3980315 a prime number?
False
Is 145423 prime?
True
Is 28942463 composite?
True
Is 3459077 a composite number?
False
Is 1645327 a prime number?
True
Is 61443029 a composite number?
True
Is 1055743433 a prime number?
True
Is 39702886 a prime number?
False
Is 989971 prime?
True
Is 308248483 a composite number?
False
Is 302904209 a prime number?
False
Is 1260787 a prime number?
False
Is 6658991 prime?
False
Is 22067033 composite?
False
Is 83514107 a composite number?
False
Is 77161289 a prime number?
False
Is 8794127 a prime number?
False
Is 112741 prime?
True
Is 638454233 a prime number?
True
Is 126523 prime?
False
Is 1565987 composite?
False
Is 2306317 a prime number?
False
Is 19893479 a composite number?
False
Is 1568503 prime?
True
Is 72994 a prime number?
False
Is 56968313 a composite number?
False
Is 497171 a composite number?
False
Is 6886727 composite?
False
Is 58327759 composite?
True
Is 767198041 a composite number?
False
Is 728471 prime?
True
Is 375967 a prime number?
True
Is 10314257 prime?
False
Is 69653693 prime?
False
Is 20395727 composite?
True
Is 77583059 a prime number?
True
Is 1383108923 a prime number?
False
Is 62204941 prime?
False
Is 7262191 a prime number?
True
Is 24318989 a composite number?
False
Is 574459 a prime number?
False
Is 11332679 a prime number?
False
Is 1600572061 a composite number?
True
Is 13165121 a composite number?
False
Is 4472229 a composite number?
True
Is 19268281 a prime number?
True
Is 342929 prime?
True
Is 327979 a composite number?
False
Is 2454929 a prime number?
True
Is 11590303 a prime number?
False
Is 363144893 prime?
True
Is 4953971 composite?
True
Is 15731 composite?
False
Is 6975322 prime?
False
Is 18512423 prime?
False
Is 8496745 composite?
True
Is 9724223 a composite number?
False
Is 168503351 prime?
False
Is 1638757 prime?